{"id":2,"date":"2016-05-10T03:48:21","date_gmt":"2016-05-10T03:48:21","guid":{"rendered":"http:\/\/stefanschwarck.de\/?page_id=2"},"modified":"2025-10-24T10:32:19","modified_gmt":"2025-10-24T10:32:19","slug":"sample-page","status":"publish","type":"page","link":"https:\/\/stefanschwarck.de\/","title":{"rendered":"about me"},"content":{"rendered":"\n<p>Projekte f\u00fcr Kinder und Jugendliche<\/p>\n\n\n\n<p>Poetry Slam, Spokenword, Performance Art, Photographie<\/p>\n\n\n\n<p>Auftritte, Workshops, Konzepte<\/p>\n\n\n\n<p>Sprecher und Moderator<\/p>\n\n\n\n<p>K\u00fcnstler<\/p>\n\n\n\n<p>&#8230;und das auf Deutsch und D\u00e4nisch. <\/p>\n\n\n\n<p>Magister in Skandinavischer und Deutscher Philologie und Staaatsexamen Sek. 2 in Deutsch und D\u00e4nisch an der CAU Kiel und dem AUC Aalborg (DK)<\/p>\n\n\n\n<p>Ihr vermisst etwas? Scrollt mal runter oder geht \u00fcber das Hauptmen\u00fc! Ich wei\u00df noch nicht genau, wie diese Seite sp\u00e4ter mal aussehen wird. Was alles drauf und drin sein wird. Oder wann sie fertig sein wird. <\/p>\n\n\n\n<p>Bis dahin findet Ihr ein wenig von dem, was ich mache, auf Facebook, Instagram und Linkedin: <a href=\"https:\/\/www.facebook.com\/profile.php?id=100088505447877\">Facebook<\/a> &#8211; <a href=\"http:\/\/www.instagram.com\/stefan.schwarck\">Instagram<\/a> &#8211; <a href=\"https:\/\/www.linkedin.com\/in\/stefan-schwarck-987aa96\/\">Linkedin<\/a><\/p>\n\n\n\n<p>Mein Herzensprojekt die &#8222;Stiftung Die blaue Stadt&#8220; findet Ihr unter <a href=\"http:\/\/www.stiftungdieblauestadt.de\">www.stiftungdieblauestadt.de<\/a>. <\/p>\n\n\n\n<p>Kontakt:<\/p>\n\n\n\n<p>Stefan Schwarck<br>Charles-Ro\u00df-Ring 31<br>24106 Kiel<br>0171 78 142 79<\/p>\n\n\n\n<p>stefan.schwarck[r\u00fcssel-a]dieblauestadt.de<\/p>\n","protected":false},"excerpt":{"rendered":"<p>Projekte f\u00fcr Kinder und Jugendliche Poetry Slam, Spokenword, Performance Art, Photographie Auftritte, Workshops, Konzepte Sprecher und Moderator K\u00fcnstler &#8230;und das auf Deutsch und D\u00e4nisch. Magister in Skandinavischer und Deutscher Philologie und Staaatsexamen Sek. 2 in Deutsch und D\u00e4nisch an der CAU Kiel und dem AUC Aalborg (DK) Ihr vermisst etwas? Scrollt mal runter oder geht &hellip; <\/p>\n<p class=\"link-more\"><a href=\"https:\/\/stefanschwarck.de\/\" class=\"more-link\"><span class=\"screen-reader-text\">\u201eabout me\u201c<\/span> weiterlesen<\/a><\/p>\n","protected":false},"author":1,"featured_media":0,"parent":0,"menu_order":0,"comment_status":"closed","ping_status":"open","template":"","meta":{"pgc_sgb_lightbox_settings":"","footnotes":""},"class_list":["post-2","page","type-page","status-publish","hentry"],"_links":{"self":[{"href":"https:\/\/stefanschwarck.de\/index.php?rest_route=\/wp\/v2\/pages\/2","targetHints":{"allow":["GET"]}}],"collection":[{"href":"https:\/\/stefanschwarck.de\/index.php?rest_route=\/wp\/v2\/pages"}],"about":[{"href":"https:\/\/stefanschwarck.de\/index.php?rest_route=\/wp\/v2\/types\/page"}],"author":[{"embeddable":true,"href":"https:\/\/stefanschwarck.de\/index.php?rest_route=\/wp\/v2\/users\/1"}],"replies":[{"embeddable":true,"href":"https:\/\/stefanschwarck.de\/index.php?rest_route=%2Fwp%2Fv2%2Fcomments&post=2"}],"version-history":[{"count":12,"href":"https:\/\/stefanschwarck.de\/index.php?rest_route=\/wp\/v2\/pages\/2\/revisions"}],"predecessor-version":[{"id":300,"href":"https:\/\/stefanschwarck.de\/index.php?rest_route=\/wp\/v2\/pages\/2\/revisions\/300"}],"wp:attachment":[{"href":"https:\/\/stefanschwarck.de\/index.php?rest_route=%2Fwp%2Fv2%2Fmedia&parent=2"}],"curies":[{"name":"wp","href":"https:\/\/api.w.org\/{rel}","templated":true}]}}